atest common factor of 3 and 3600.
3
What is the highest common divisor of 638 and 29?
29
Calculate the highest common factor of 161 and 299.
23
What is the greatest common divisor of 1014 and 78?
78
Calculate the greatest common divisor of 1152 and 640.
128
What is the highest common factor of 370 and 1924?
74
What is the greatest common factor of 222 and 372?
6
Calculate the greatest common factor of 187 and 34.
17
What is the greatest common factor of 10 and 2?
2
Calculate the highest common divisor of 696 and 261.
87
Calculate the highest common factor of 256 and 736.
32
Calculate the greatest common divisor of 1290 and 172.
86
Calculate the greatest common divisor of 1332 and 18.
18
Calculate the highest common factor of 232 and 1972.
116
What is the highest common divisor of 54 and 72?
18
Calculate the highest common factor of 60 and 1965.
15
What is the greatest common divisor of 9999 and 198?
99
Calculate the greatest common factor of 14 and 8.
2
What is the highest common divisor of 340 and 5236?
68
Calculate the greatest common factor of 54 and 96.
6
What is the greatest common divisor of 284 and 213?
71
What is the greatest common factor of 2864 and 16?
16
What is the greatest common divisor of 80 and 490?
10
What is the greatest common factor of 475 and 855?
95
What is the greatest common divisor of 1342 and 2806?
122
Calculate the greatest common factor of 901 and 34.
17
What is the greatest common factor of 420 and 195?
15
Calculate the highest common factor of 2 and 18.
2
Calculate the greatest common factor of 43 and 4171.
43
What is the greatest common factor of 81 and 216?
27
What is the highest common divisor of 1 and 389?
1
What is the highest common factor of 53 and 16960?
53
Calculate the greatest common divisor of 75 and 60.
15
Calculate the highest common divisor of 9 and 360.
9
Calculate the greatest common divisor of 3 and 1109.
1
Calculate the highest common divisor of 20 and 110.
10
What is the highest common factor of 165 and 5?
5
What is the highest common factor of 1196 and 460?
92
What is the highest common factor of 136 and 51?
17
Calculate the greatest common factor of 2664 and 480.
24
Calculate the highest common divisor of 5885 and 385.
55
Calculate the greatest common factor of 189 and 42.
21
What is the greatest common divisor of 155 and 775?
155
What is the greatest common divisor of 144 and 468?
36
What is the greatest common factor of 60 and 2740?
20
Calculate the highest common divisor of 535 and 1819.
107
What is the greatest common divisor of 32 and 2?
2
Calculate the greatest common factor of 14 and 7483.
7
Calculate the greatest common factor of 330 and 60.
30
Calculate the greatest common factor of 146 and 1679.
73
What is the highest common factor of 204 and 1173?
51
What is the highest common divisor of 86896 and 16?
16
What is the greatest common divisor of 2895 and 15?
15
What is the greatest common factor of 110 and 45?
5
Calculate the greatest common divisor of 3960 and 32.
8
Calculate the highest common divisor of 7 and 11.
1
Calculate the highest common factor of 216 and 408.
24
What is the greatest common divisor of 64 and 1304?
8
What is the greatest common factor of 148 and 19388?
148
Calculate the highest common factor of 5270 and 1360.
170
What is the greatest common divisor of 27169 and 101?
101
What is the greatest common divisor of 300 and 96?
12
What is the highest common factor of 1032 and 645?
129
What is the greatest common factor of 14 and 63?
7
Calculate the greatest common divisor of 579 and 87.
3
What is the highest common divisor of 11135 and 393?
131
What is the highest common factor of 824 and 721?
103
What is the highest common divisor of 115 and 2875?
115
What is the highest common divisor of 5844 and 24?
12
Calculate the highest common divisor of 276 and 372.
12
What is the highest common factor of 184 and 24?
8
Calculate the greatest common divisor of 112 and 1708.
28
What is the greatest common divisor of 1161 and 129?
129
What is the highest common factor of 41290 and 10?
10
Calculate the highest common divisor of 4 and 103.
1
What is the greatest common divisor of 3 and 13?
1
What is the greatest common factor of 301 and 817?
43
Calculate the highest common factor of 4 and 3.
1
Calculate the highest common divisor of 234 and 546.
78
Calculate the greatest common divisor of 793 and 549.
61
Calculate the greatest common divisor of 741 and 117.
39
Calculate the greatest common divisor of 350 and 15575.
175
Calculate the greatest common divisor of 79500 and 265.
265
Calculate the highest common factor of 201 and 67.
67
What is the highest common divisor of 490 and 770?
70
Calculate the highest common factor of 121 and 22.
11
Calculate the highest common divisor of 17405 and 295.
295
What is the greatest common divisor of 4 and 5?
1
Calculate the greatest common divisor of 1530 and 270.
90
Calculate the greatest common divisor of 6112 and 32.
32
What is the highest common factor of 1161 and 810?
27
What is the greatest common divisor of 36203 and 82?
41
What is the greatest common divisor of 244 and 11956?
244
What is the greatest common divisor of 30 and 330?
30
What is the greatest common divisor of 445 and 1424?
89
Calculate the greatest common factor of 204 and 3366.
102
What is the highest common factor of 702 and 26?
26
Calculate the highest common divisor of 5566 and 1331.
121
Calculate the highest common divisor of 767 and 59.
59
What is the greatest common factor of 32 and 224?
32
Calculate the highest common divisor of 3072 and 144.
48
Calculate the greatest common factor of 75 and 25.
25
What is the highest common divisor of 104 and 559?
13
What is the greatest common divisor of 90 and 15?
15
Calculate the highest common factor of 8232 and 7.
7
What is the highest common factor of 13 and 143?
13
What is the greatest common factor of 4907 and 35?
7
Calculate the highest common divisor of 703 and 74.
37
Calculate the highest common divisor of 20 and 1390.
10
What is the highest common divisor of 13 and 12077?
13
Calculate the greatest common divisor of 3237 and 39.
39
What is the highest common factor of 6725 and 25?
25
What is the highest common divisor of 519 and 5017?
173
What is the greatest common divisor of 1431 and 27?
27
What is the greatest common divisor of 260 and 7410?
130
Calculate the highest common divisor of 2653 and 7.
7
What is the greatest common factor of 140 and 5845?
35
Calculate the greatest common factor of 3325 and 100.
25
Calculate the highest common factor of 40 and 134560.
40
What is the greatest common factor of 2002 and 11?
11
What is the greatest common factor of 76 and 3040?
76
Calculate the greatest common divisor of 2482 and 17.
17
Calculate the highest common factor of 224 and 1456.
112
Calculate the highest common divisor of 1 and 79.
1
Calculate the highest common factor of 32 and 14.
2
What is the highest common factor of 20 and 415?
5
Calculate the greatest common factor of 1962 and 763.
109
What is the greatest common divisor of 8555 and 145?
145
What is the greatest common factor of 130 and 65?
65
What is the highest common divisor of 76 and 4579?
19
What is the highest common divisor of 16 and 512?
16
Calculate the highest common factor of 34 and 646.
34
What is the greatest common factor of 209 and 19?
19
Calculate the highest common factor of 945 and 1995.
105
Calculate the highest common factor of 182 and 130.
26
What is the greatest common divisor of 212 and 1590?
106
What is the highest common divisor of 15125 and 125?
125
What is the highest common divisor of 198 and 858?
66
Calculate the greatest common factor of 472 and 128.
8
Calculate the greatest common factor of 175 and 7.
7
Calculate the greatest common factor of 300 and 180.
60
What is the greatest common factor of 32 and 152?
8
Calculate the greatest common divisor of 80 and 768.
16
What is the greatest common factor of 408 and 14552?
136
What is the highest common divisor of 24 and 888?
24
Calculate the highest common divisor of 575 and 75.
25
What is the highest common factor of 60 and 85?
5
Calculate the highest common divisor of 78 and 3783.
39
Calculate the greatest common divisor of 4182 and 102.
102
What is the greatest common divisor of 360 